{"id":5347,"date":"2015-03-16T14:01:00","date_gmt":"2015-03-16T12:01:00","guid":{"rendered":"http:\/\/www.fotostudio-plichta.de\/start.php\/?page_id=5347"},"modified":"2021-05-05T10:18:46","modified_gmt":"2021-05-05T09:18:46","slug":"portraitfotografie","status":"publish","type":"page","link":"https:\/\/www.foto-plichta.de\/start.php\/portraitfotografie\/","title":{"rendered":"Portraitfotografie"},"content":{"rendered":"<p><div class=\"fusion-fullwidth fullwidth-box fusion-builder-row-1 nonhundred-percent-fullwidth non-hundred-percent-height-scrolling\" style=\"--awb-border-radius-top-left:0px;--awb-border-radius-top-right:0px;--awb-border-radius-bottom-right:0px;--awb-border-radius-bottom-left:0px;\" ><div class=\"fusion-builder-row fusion-row\"><div class=\"fusion-layout-column fusion_builder_column fusion-builder-column-0 fusion_builder_column_1_1 1_1 fusion-one-full fusion-column-first fusion-column-last\" style=\"--awb-bg-size:cover;--awb-margin-top:0px;--awb-margin-bottom:0px;\"><div class=\"fusion-column-wrapper fusion-flex-column-wrapper-legacy\"><div class=\"fusion-column-content-centered\"><div class=\"fusion-column-content\"><div class=\"fusion-text fusion-text-1\"><h2 style=\"text-align: center;\">Portraitfotografie<\/h2>\n<p>Nutzen das pers\u00f6nliche Geschenk f\u00fcr den Liebsten, die Oma oder einfach nur mal f\u00fcr sich. Ob als Model, oder fotoscheue die etwas Motivation ben\u00f6tigen. Wir bieten ihnen in unserem professionellem Fotostudio in Zwickau ein Fotoshooting f\u00fcr jedermann. Wir setzen sie in Scene und schaffen Erinnerungen f\u00fcr unvergessene Momente, auf die Sie ein Leben lang zur\u00fcckgreifen werden.<\/p>\n<p>In einem Vorgespr\u00e4ch k\u00f6nnen wir gemeinsam Ihre W\u00fcnsche besprechen, Beispiele ansehen und uns auf das Fotoshooting vorbereiten.<\/p>\n<\/div><\/div><\/div><div class=\"fusion-clearfix\"><\/div><\/div><\/div><\/div><\/div><div class=\"fusion-fullwidth fullwidth-box fusion-builder-row-2 hundred-percent-fullwidth non-hundred-percent-height-scrolling\" style=\"--awb-border-radius-top-left:0px;--awb-border-radius-top-right:0px;--awb-border-radius-bottom-right:0px;--awb-border-radius-bottom-left:0px;--awb-overflow:visible;--awb-margin-top:40px;--awb-margin-bottom:40px;--awb-background-color:rgba(255,255,255,0);\" ><div class=\"fusion-builder-row fusion-row\"><div class=\"fusion-layout-column fusion_builder_column fusion-builder-column-1 fusion_builder_column_1_1 1_1 fusion-one-full fusion-column-first fusion-column-last fusion-column-no-min-height\" style=\"--awb-bg-size:cover;--awb-margin-top:0px;--awb-margin-bottom:0px;\"><div class=\"fusion-column-wrapper fusion-flex-column-wrapper-legacy\"><div class=\"fusion-sep-clear\"><\/div><div class=\"fusion-separator fusion-full-width-sep\" style=\"margin-left: auto;margin-right: auto;width:100%;\"><div class=\"fusion-separator-border sep-shadow\" style=\"background:radial-gradient(ellipse at 50% -50% , #e0dede 0px, rgba(255, 255, 255, 0) 80%) repeat scroll 0 0 rgba(0, 0, 0, 0);background:-webkit-radial-gradient(ellipse at 50% -50% , #e0dede 0px, rgba(255, 255, 255, 0) 80%) repeat scroll 0 0 rgba(0, 0, 0, 0);background:-moz-radial-gradient(ellipse at 50% -50% , #e0dede 0px, rgba(255, 255, 255, 0) 80%) repeat scroll 0 0 rgba(0, 0, 0, 0);background:-o-radial-gradient(ellipse at 50% -50% , #e0dede 0px, rgba(255, 255, 255, 0) 80%) repeat scroll 0 0 rgba(0, 0, 0, 0);\"><\/div><\/div><div class=\"fusion-sep-clear\"><\/div><div class=\"fusion-text fusion-text-2\"><h2 align=\"center\"><\/h2>\n<h2 align=\"center\">dabei sind vielf\u00e4ltige M\u00f6glichkeiten an Fotoshootings sind m\u00f6glich<\/h2>\n<p align=\"center\">Portraitfotografie<\/p>\n<p align=\"center\">Hochzeitsfotografie<\/p>\n<p align=\"center\">Familienbilder<\/p>\n<p align=\"center\">Babybauchshooting<\/p>\n<p align=\"center\">\u201eNewborn\u201c Babyfotoshooting<\/p>\n<p align=\"center\">Einzelportraits<\/p>\n<p align=\"center\">P\u00e4rchenfotos<\/p>\n<p align=\"center\">erotische Portraits<\/p>\n<p align=\"center\">im Fotostudio oder Outdoor<\/p>\n<p align=\"center\">Passfotos<\/p>\n<p align=\"center\">Bewerbungsfotos<\/p>\n<\/div><div class=\"fusion-clearfix\"><\/div><\/div><\/div><\/div><\/div><div class=\"fusion-fullwidth fullwidth-box fusion-builder-row-3 nonhundred-percent-fullwidth non-hundred-percent-height-scrolling\" style=\"--awb-border-radius-top-left:0px;--awb-border-radius-top-right:0px;--awb-border-radius-bottom-right:0px;--awb-border-radius-bottom-left:0px;\" ><div class=\"fusion-builder-row fusion-row\"><div class=\"fusion-layout-column fusion_builder_column fusion-builder-column-2 fusion_builder_column_1_1 1_1 fusion-one-full fusion-column-first fusion-column-last fusion-column-no-min-height\" style=\"--awb-bg-size:cover;--awb-margin-top:0px;--awb-margin-bottom:0px;\"><div class=\"fusion-column-wrapper fusion-flex-column-wrapper-legacy\"><div class=\"fusion-sep-clear\"><\/div><div class=\"fusion-separator fusion-full-width-sep\" style=\"margin-left: auto;margin-right: auto;width:100%;\"><div class=\"fusion-separator-border sep-shadow\" style=\"background:radial-gradient(ellipse at 50% -50% , #e0dede 0px, rgba(255, 255, 255, 0) 80%) repeat scroll 0 0 rgba(0, 0, 0, 0);background:-webkit-radial-gradient(ellipse at 50% -50% , #e0dede 0px, rgba(255, 255, 255, 0) 80%) repeat scroll 0 0 rgba(0, 0, 0, 0);background:-moz-radial-gradient(ellipse at 50% -50% , #e0dede 0px, rgba(255, 255, 255, 0) 80%) repeat scroll 0 0 rgba(0, 0, 0, 0);background:-o-radial-gradient(ellipse at 50% -50% , #e0dede 0px, rgba(255, 255, 255, 0) 80%) repeat scroll 0 0 rgba(0, 0, 0, 0);\"><\/div><\/div><div class=\"fusion-sep-clear\"><\/div><div class=\"fusion-text fusion-text-3\"><h2 style=\"text-align: center;\"><\/h2>\n<h2 style=\"text-align: center;\">Wie m\u00f6chten Sie Ihre Bilder erhalten<\/h2>\n<p>Bei den meisten Gelegenheiten ist es sch\u00f6n, die Bilder in qualitativ hochwertigen Ausdrucken zu zeigen. Die beliebtesten Gr\u00f6\u00dfen f\u00fcr die auf hochwertigem Foto-Portraitpapier gedruckten Bilder sind 13&#215;18 oder 15&#215;20. Daf\u00fcr gibt es unz\u00e4hlige Bilderrahmen zur Auswahl und sie nehmen nicht allzu viel Platz weg. Gern k\u00f6nnen wir die Bilder auch kleiner ausdrucken, jedoch verlieren sie dann etwas an Wertigkeit.<\/p>\n<p>Sie k\u00f6nnen Ihre Bilder nat\u00fcrlich auch in digitaler Form erhalten, f\u00fcr den PC oder auch zum selbst ausdrucken. Daf\u00fcr ist nat\u00fcrlich ein Aufpreis unumg\u00e4nglich.<\/p>\n<p>Sollten die Bilder nicht aufgestellt werden, so empfehlen wir eine Vergr\u00f6\u00dferung, die wir gern auch als Collage gestalten. Ob auf Fotopapier in einem Rahmen, oder als Leinwandfoto bleibt Ihrem Geschmack \u00fcberlassen. Wir beraten Sie gern.<\/p>\n<\/div><div class=\"fusion-clearfix\"><\/div><\/div><\/div><div class=\"fusion-layout-column fusion_builder_column fusion-builder-column-3 fusion_builder_column_1_1 1_1 fusion-one-full fusion-column-first fusion-column-last fusion-column-no-min-height\" style=\"--awb-bg-size:cover;--awb-margin-top:0px;--awb-margin-bottom:0px;\"><div class=\"fusion-column-wrapper fusion-flex-column-wrapper-legacy\"><div class=\"fusion-sep-clear\"><\/div><div class=\"fusion-separator fusion-full-width-sep\" style=\"margin-left: auto;margin-right: auto;width:100%;\"><div class=\"fusion-separator-border sep-shadow\" style=\"background:radial-gradient(ellipse at 50% -50% , #e0dede 0px, rgba(255, 255, 255, 0) 80%) repeat scroll 0 0 rgba(0, 0, 0, 0);background:-webkit-radial-gradient(ellipse at 50% -50% , #e0dede 0px, rgba(255, 255, 255, 0) 80%) repeat scroll 0 0 rgba(0, 0, 0, 0);background:-moz-radial-gradient(ellipse at 50% -50% , #e0dede 0px, rgba(255, 255, 255, 0) 80%) repeat scroll 0 0 rgba(0, 0, 0, 0);background:-o-radial-gradient(ellipse at 50% -50% , #e0dede 0px, rgba(255, 255, 255, 0) 80%) repeat scroll 0 0 rgba(0, 0, 0, 0);\"><\/div><\/div><div class=\"fusion-sep-clear\"><\/div><div class=\"fusion-text fusion-text-4\"><h2 style=\"text-align: center;\"><\/h2>\n<h2 style=\"text-align: center;\">Bildbearbeitung<\/h2>\n<p>Alle unsere Bilder werden noch einmal fachgerecht retuschiert und nachbearbeitet. So erhalten sie immer ein optimales Foto, was Ihren w\u00fcnschen entspricht.<\/p>\n<p>Je nach Wunsch k\u00f6nnen wir die Bearbeitung mehr, oder auch dezenter gestalten.<\/p>\n<p>Wir beraten Sie dazu gern im Gesch\u00e4ft.<\/p>\n<\/div><div class=\"fusion-clearfix\"><\/div><\/div><\/div><div class=\"fusion-layout-column fusion_builder_column fusion-builder-column-4 fusion_builder_column_1_1 1_1 fusion-one-full fusion-column-first fusion-column-last fusion-column-no-min-height\" style=\"--awb-bg-size:cover;--awb-margin-top:0px;--awb-margin-bottom:0px;\"><div class=\"fusion-column-wrapper fusion-flex-column-wrapper-legacy\"><div class=\"fusion-sep-clear\"><\/div><div class=\"fusion-separator fusion-full-width-sep\" style=\"margin-left: auto;margin-right: auto;width:100%;\"><div class=\"fusion-separator-border sep-shadow\" style=\"background:radial-gradient(ellipse at 50% -50% , #e0dede 0px, rgba(255, 255, 255, 0) 80%) repeat scroll 0 0 rgba(0, 0, 0, 0);background:-webkit-radial-gradient(ellipse at 50% -50% , #e0dede 0px, rgba(255, 255, 255, 0) 80%) repeat scroll 0 0 rgba(0, 0, 0, 0);background:-moz-radial-gradient(ellipse at 50% -50% , #e0dede 0px, rgba(255, 255, 255, 0) 80%) repeat scroll 0 0 rgba(0, 0, 0, 0);background:-o-radial-gradient(ellipse at 50% -50% , #e0dede 0px, rgba(255, 255, 255, 0) 80%) repeat scroll 0 0 rgba(0, 0, 0, 0);\"><\/div><\/div><div class=\"fusion-sep-clear\"><\/div><div class=\"fusion-text fusion-text-5\"><h2 style=\"text-align: center;\"><\/h2>\n<h2 style=\"text-align: center;\">Professionelles Foto Make Up<\/h2>\n<p align=\"center\">Auf Wunsch werden sie von einer erfahrenen Stylistin geschminkt. Bitte planen sie hierf\u00fcr eine halbe Stunde pro Person vor dem Fotoshooting mit ein.<\/p>\n<p align=\"center\">Preis: ca. 35 \u20ac je Person (externe Dienstleistung)<\/p>\n<\/div><div class=\"fusion-clearfix\"><\/div><\/div><\/div><div class=\"fusion-layout-column fusion_builder_column fusion-builder-column-5 fusion_builder_column_1_1 1_1 fusion-one-full fusion-column-first fusion-column-last fusion-column-no-min-height\" style=\"--awb-bg-size:cover;--awb-margin-top:0px;--awb-margin-bottom:0px;\"><div class=\"fusion-column-wrapper fusion-flex-column-wrapper-legacy\"><div class=\"fusion-sep-clear\"><\/div><div class=\"fusion-separator fusion-full-width-sep\" style=\"margin-left: auto;margin-right: auto;width:100%;\"><div class=\"fusion-separator-border sep-shadow\" style=\"background:radial-gradient(ellipse at 50% -50% , #e0dede 0px, rgba(255, 255, 255, 0) 80%) repeat scroll 0 0 rgba(0, 0, 0, 0);background:-webkit-radial-gradient(ellipse at 50% -50% , #e0dede 0px, rgba(255, 255, 255, 0) 80%) repeat scroll 0 0 rgba(0, 0, 0, 0);background:-moz-radial-gradient(ellipse at 50% -50% , #e0dede 0px, rgba(255, 255, 255, 0) 80%) repeat scroll 0 0 rgba(0, 0, 0, 0);background:-o-radial-gradient(ellipse at 50% -50% , #e0dede 0px, rgba(255, 255, 255, 0) 80%) repeat scroll 0 0 rgba(0, 0, 0, 0);\"><\/div><\/div><div class=\"fusion-sep-clear\"><\/div><div class=\"fusion-text fusion-text-6\"><h2 style=\"text-align: center;\"><\/h2>\n<h2 style=\"text-align: center;\"><a href=\"https:\/\/www.foto-plichta.de\/start.php\/aktionen\/\">Foto-Aktion 2021<\/a><\/h2>\n<p>&nbsp;<\/p>\n<\/div><div class=\"fusion-clearfix\"><\/div><\/div><\/div><div class=\"fusion-layout-column fusion_builder_column fusion-builder-column-6 fusion_builder_column_1_1 1_1 fusion-one-full fusion-column-first fusion-column-last\" style=\"--awb-bg-size:cover;--awb-margin-top:0px;--awb-margin-bottom:0px;\"><div class=\"fusion-column-wrapper fusion-flex-column-wrapper-legacy\"><div class=\"fusion-text fusion-text-7\"><p>&nbsp;<\/p>\n<p><a title=\"Wir verkaufen unsere Fotos im Fotografen-Onlineshop von portraitbox\" href=\"https:\/\/www.portraitbox.com\/?utm_source=plichta&amp;utm_medium=web&amp;utm_campaign=partnerbadge\" target=\"_blank\" rel=\"noopener\"><img decoding=\"async\" src=\"\/\/plichta.portraitbox.com\/media\/badges\/round_light.png\" alt=\"Wir verkaufen unsere Fotos im Fotografen-Onlineshop von portraitbox\" height=\"100\" \/><\/a><\/p>\n<p>&nbsp;<\/p>\n<\/div><div class=\"fusion-clearfix\"><\/div><\/div><\/div><\/div><\/div><div class=\"fusion-fullwidth fullwidth-box fusion-builder-row-4 nonhundred-percent-fullwidth non-hundred-percent-height-scrolling\" style=\"--awb-border-radius-top-left:0px;--awb-border-radius-top-right:0px;--awb-border-radius-bottom-right:0px;--awb-border-radius-bottom-left:0px;\" ><div class=\"fusion-builder-row fusion-row\"><div class=\"fusion-layout-column fusion_builder_column fusion-builder-column-7 fusion_builder_column_1_1 1_1 fusion-one-full fusion-column-first fusion-column-last\" style=\"--awb-bg-size:cover;--awb-margin-top:0px;--awb-margin-bottom:0px;\"><div class=\"fusion-column-wrapper fusion-flex-column-wrapper-legacy\"><div class=\"fusion-clearfix\"><\/div><\/div><\/div><\/div><\/div><\/p>\n","protected":false},"excerpt":{"rendered":"","protected":false},"author":1,"featured_media":0,"parent":0,"menu_order":0,"comment_status":"closed","ping_status":"open","template":"100-width.php","meta":{"footnotes":""},"class_list":["post-5347","page","type-page","status-publish","hentry"],"_links":{"self":[{"href":"https:\/\/www.foto-plichta.de\/start.php\/wp-json\/wp\/v2\/pages\/5347","targetHints":{"allow":["GET"]}}],"collection":[{"href":"https:\/\/www.foto-plichta.de\/start.php\/wp-json\/wp\/v2\/pages"}],"about":[{"href":"https:\/\/www.foto-plichta.de\/start.php\/wp-json\/wp\/v2\/types\/page"}],"author":[{"embeddable":true,"href":"https:\/\/www.foto-plichta.de\/start.php\/wp-json\/wp\/v2\/users\/1"}],"replies":[{"embeddable":true,"href":"https:\/\/www.foto-plichta.de\/start.php\/wp-json\/wp\/v2\/comments?post=5347"}],"version-history":[{"count":10,"href":"https:\/\/www.foto-plichta.de\/start.php\/wp-json\/wp\/v2\/pages\/5347\/revisions"}],"predecessor-version":[{"id":6112,"href":"https:\/\/www.foto-plichta.de\/start.php\/wp-json\/wp\/v2\/pages\/5347\/revisions\/6112"}],"wp:attachment":[{"href":"https:\/\/www.foto-plichta.de\/start.php\/wp-json\/wp\/v2\/media?parent=5347"}],"curies":[{"name":"wp","href":"https:\/\/api.w.org\/{rel}","templated":true}]}}