{"id":4826,"date":"2014-04-25T08:57:53","date_gmt":"2014-04-25T06:57:53","guid":{"rendered":"http:\/\/www.fotostudio-plichta.de\/start.php\/?page_id=4826"},"modified":"2021-03-30T11:21:26","modified_gmt":"2021-03-30T10:21:26","slug":"agb","status":"publish","type":"page","link":"https:\/\/www.foto-plichta.de\/start.php\/agb\/","title":{"rendered":"AGB"},"content":{"rendered":"<p><strong>ALLGEMEINE GESCH\u00c4FTSBEDINGUNGEN im E-commerce zwischen H\u00e4ndler und Kunde<\/strong><br \/>\nStand: Februar 2016<\/p>\n<p><strong>I. Allgemeiner Teil<\/strong><br \/>\n<strong>1. Geltungsbereich<\/strong><br \/>\nDiese Allgemeinen Gesch\u00e4ftsbedingungen gelten ausschlie\u00dflich f\u00fcr alle E-Commerce-Gesch\u00e4fte mit unseren Kunden aus unserem WebShop.<\/p>\n<p><strong>2. Teilnehmer<\/strong><br \/>\nWir als Anbieter schlie\u00dfen E-Commerce-Vertr\u00e4ge nur mit nat\u00fcrlichen Personen mit Wohnsitz in der Bundesrepublik Deutschland, die unbeschr\u00e4nkt gesch\u00e4ftsf\u00e4hig sind und das 18. Lebensjahr vollendet haben, sowie mit juristischen Personen mit Sitz in der Bundesrepublik Deutschland. Soweit das Angebot eines nicht zu diesem Kreis geh\u00f6renden Teilnehmers versehentlich von uns angenommen wurde, sind wir bis zur vollst\u00e4ndigen beidseitigen Erf\u00fcllung des Vertrages zum R\u00fccktritt vom Vertrag gegen\u00fcber dem Kunden berechtigt, sofern der Vertrag nicht bereits aus anderen Gr\u00fcnden nichtig oder unwirksam ist.<\/p>\n<p><strong>3. Vertragsschluss<\/strong><br \/>\nDer Vertrag kommt erst durch Annahme der Kundenbestellung bzw. des Kundenauftrags durch uns zustande. Der Kunde verzichtet auf den Zugang einer Annahmeerkl\u00e4rung. Wir nehmen das Vertragsangebot durch eine Best\u00e4tigung per E-Mail oder sp\u00e4testens durch Versendung der bestellten Waren bzw. das Erbringen der Dienstleistung an. Bei der Bestellung von mehreren Waren oder Dienstleistungen liegen getrennte und von einander unabh\u00e4ngige Angebote zum Abschluss von mehreren Kauf- oder Werkvertr\u00e4gen \u00fcber jede einzelne bestellte Ware oder Dienstleistung vor. Die \u00dcberpr\u00fcfung der Lieferf\u00e4higkeit der Ware ben\u00f6tigt in der Regel 2 Arbeitstage. Sollten wir feststellen, dass einzelne Waren oder Dienstleistungen ausnahmsweise nicht mehr verf\u00fcgbar sind oder aus rechtlichen Gr\u00fcnden nicht geliefert werden k\u00f6nnen, nehmen wir die Vertragsangebote nur bez\u00fcglich der verf\u00fcgbaren oder lieferbaren Waren oder Dienstleistungen an. Soweit Angebote nicht angenommen werden, benachrichtigen wir den Kunden umgehend per E-Mail an die genannte E-Mail-Anschrift. Nachlieferungen f\u00fcr nicht verf\u00fcgbare oder lieferbare Waren oder Dienstleistungen erfolgen nicht.<\/p>\n<p><strong>4. Preis<\/strong><br \/>\nAlle Preisangaben in unserem WebShop verstehen sich inklusive gesetzliche Mehrwertsteuer. Der Kunde bezahlt den jeweils ausgewiesenen Betrag in EURO. Die im WebShop angegebenen Preise gelten nur f\u00fcr dortige Bestellungen (E-Commerce-Preise) zum Zeitpunkt der Bestellung. Hinzu kommen die jeweiligen Versandkosten und bei Nachnahme eine Nachnahmegeb\u00fchr.<\/p>\n<p><strong>5. Datenschutz<\/strong><br \/>\nWir gew\u00e4hrleisten, dass die anl\u00e4sslich von Bestellungen anfallenden Kundendaten lediglich im Zusammenhang mit der Abwicklung der Bestellung erhoben, bearbeitet, gespeichert und genutzt werden. Wir werden unsere Kundendaten nur zur Bestellungsabwicklung an verbundene Unternehmen weitergeben und an diese Unternehmen auch diese Datenschutzklausel weitergeben. Soweit der Kunde eine Datennutzung f\u00fcr die vorstehend genannten Zwecke nicht w\u00fcnscht, ist er berechtigt, dieser Nutzung jederzeit schriftlich oder per E-Mail zu widersprechen.<\/p>\n<p><strong>6. Ansprechpartner\/Erreichbarkeit<\/strong><br \/>\nWir sind f\u00fcr alle Anliegen des Kunden unter der im WebShop angegebenen Adresse jederzeit schriftlich erreichbar. Ebenso hat der Kunde die M\u00f6glichkeit, uns zu unseren Gesch\u00e4ftszeiten in unserem Ladengesch\u00e4ft pers\u00f6nlich aufzusuchen.<\/p>\n<p><strong>7. Rechtswahl<\/strong><br \/>\nAuf die Rechtsverh\u00e4ltnisse zwischen uns und unseren Kunden findet ausschlie\u00dflich deutsches Recht Anwendung.<\/p>\n<p><strong>8. Verschiedenes<\/strong><br \/>\nEin Recht des Kunden zur Aufrechnung oder Zur\u00fcckbehaltung besteht nicht, es sei denn, die Forderung ist unstreitig oder rechtskr\u00e4ftig gerichtlich festgestellt. Erf\u00fcllungsort ist f\u00fcr Zahlungen unser Gesch\u00e4ftssitz. Sollen einzelne Bestimmungen dieses Vertrages ganz oder teilweise nicht rechtswirksam sein oder ihre Rechtswirksamkeit sp\u00e4ter verlieren, so soll hierdurch die G\u00fcltigkeit des Vertrages im \u00fcbrigen nicht ber\u00fchrt werden. Das gleiche gilt, soweit der Vertrag eine von den Parteien nicht vorhergesehene L\u00fccke aufweist.<\/p>\n<p><strong>9. Haftung<\/strong><br \/>\nWir haften nicht f\u00fcr Sch\u00e4den, die wir selbst, unsere Vertreter oder Erf\u00fcllungsgehilfen durch einfache Fahrl\u00e4ssigkeit verursacht haben. Diese Haftungsbeschr\u00e4nkung gilt nicht f\u00fcr Sch\u00e4den aus der Verletzung des Lebens, des K\u00f6rpers oder der Gesundheit, aus Verletzung wesentlicher Vertragspflichten oder Fehlen zugesicherter Eigenschaften. Die Haftung nach dem Produkthaftungsgesetz bleibt unber\u00fchrt.<\/p>\n<p><strong>II. Besondere Bedingungen f\u00fcr den Warenkauf<\/strong><br \/>\n<strong>1. Vertragsgegenstand<\/strong><br \/>\nDer Kunde bestellt online im WebShop ausgestellte Ware. Wir nehmen bei Warenbestellungen dieses Kaufangebot bei Verf\u00fcgbarkeit und Lieferbarkeit der Ware an (siehe oben). \u00dcber die Vertragsannahme informieren wir per Mailbenachrichtigung und versenden die bestellte Ware an den Kunden (Versendungskauf). Neben den Bedingungen des Allgemeinen Teils gelten f\u00fcr den Warenkauf diese besonderen Bedingungen:<\/p>\n<p><strong>2. Widerrufsrecht des Verbrauchers<\/strong><br \/>\nVerbraucher haben ein gesetzliches Widerrufsrecht, \u00fcber das wir auch im Folgenden (neben unserer Widerrufsbelehrung hier im E-Shop und per E-Mail) belehren. Juristische Personen oder Personen, die bei dieser Bestellung in Aus\u00fcbung ihrer gewerblichen oder selbst\u00e4ndigen beruflichen T\u00e4tigkeit handeln, sind keine Verbraucher.<\/p>\n<div class=\"cssDisclaimBox\">\n<div class=\"borderbox\">\n<p><strong>Widerrufsbelehrung<\/strong><\/p>\n<p><strong>Widerrufsrecht<\/strong><\/p>\n<p>Sie haben das Recht, binnen vierzehn Tagen ohne Angabe von Gr\u00fcnden diesen Vertrag zu widerrufen.<\/p>\n<p>Die Widerrufsfrist betr\u00e4gt vierzehn Tage ab dem Tag, an dem Sie oder ein von Ihnen benannter Dritter, der nicht Bef\u00f6rderer ist, die Waren in Besitz genommen haben bzw. hat.<\/p>\n<p>Um Ihr Widerrufsrecht auszu\u00fcben, m\u00fcssen Sie uns<\/p>\n<p>Foto Plichta<br \/>\nHerr Thomas Plichta<br \/>\nAlter Steinweg 3<br \/>\nD-08056 Zwickau<br \/>\nTel.: +49(0)375 28 99 626, Fax: +49(0)375 215181<br \/>\nEmail: info@fotostudio-plichta.de<\/p>\n<p>mittels einer eindeutigen Erkl\u00e4rung (z. B. ein mit der Post versandter Brief, Telefax oder E-Mail) \u00fcber Ihren Entschluss, diesen Vertrag zu widerrufen, informieren. Sie k\u00f6nnen daf\u00fcr das beigef\u00fcgte Muster-Widerrufsformular verwenden, das jedoch nicht vorgeschrieben ist.<\/p>\n<p>Zur Wahrung der Widerrufsfrist reicht es aus, dass Sie die Mitteilung \u00fcber die Aus\u00fcbung des Widerrufsrechts vor Ablauf der Widerrufsfrist absenden.<\/p>\n<p><strong>Folgen des Widerrufs<\/strong><\/p>\n<p>Wenn Sie diesen Vertrag widerrufen, haben wir Ihnen alle Zahlungen, die wir von Ihnen erhalten haben, einschlie\u00dflich der Lieferkosten (mit Ausnahme der zus\u00e4tzlichen Kosten, die sich daraus ergeben, dass Sie eine andere Art der Lieferung als die von uns angebotene, g\u00fcnstigste Standardlieferung gew\u00e4hlt haben), unverz\u00fcglich und sp\u00e4testens binnen vierzehn Tagen ab dem Tag zur\u00fcckzuzahlen, an dem die Mitteilung \u00fcber Ihren Widerruf dieses Vertrags bei uns eingegangen ist. F\u00fcr diese R\u00fcckzahlung verwenden wir dasselbe Zahlungsmittel, das Sie bei der urspr\u00fcnglichen Transaktion eingesetzt haben, es sei denn, mit Ihnen wurde ausdr\u00fccklich etwas anderes vereinbart; in keinem Fall werden Ihnen wegen dieser R\u00fcckzahlung Entgelte berechnet. Wir k\u00f6nnen die R\u00fcckzahlung verweigern, bis wir die Waren wieder zur\u00fcckerhalten haben oder bis Sie den Nachweis erbracht haben, dass Sie die Waren zur\u00fcckgesandt haben, je nachdem, welches der fr\u00fchere Zeitpunkt ist.<\/p>\n<p>Sie haben die Waren unverz\u00fcglich und in jedem Fall sp\u00e4testens binnen vierzehn Tagen ab dem Tag, an dem Sie uns \u00fcber den Widerruf dieses Vertrags unterrichten, an uns zur\u00fcckzusenden oder zu \u00fcbergeben. Die Frist ist gewahrt, wenn Sie die Waren vor Ablauf der Frist von vierzehn Tagen absenden.<\/p>\n<p>Sie tragen die unmittelbaren Kosten der R\u00fccksendung der Waren.<\/p>\n<p>Sie m\u00fcssen f\u00fcr einen etwaigen Wertverlust der Waren nur aufkommen, wenn dieser Wertverlust auf einen zur Pr\u00fcfung der Beschaffenheit, Eigenschaften und Funktionsweise der Waren nicht notwendigen Umgang mit ihnen zur\u00fcckzuf\u00fchren ist.<\/p>\n<p><strong>ENDE der Widerrufsbelehrung<\/strong><\/p>\n<\/div>\n<p>Ausschluss und Erl\u00f6schen des Widerrufsrechts:<\/p>\n<p>Gem\u00e4\u00df \u00a7 312g Abs. 2 Nr. 1 BGB besteht ein solches Widerrufsrecht nicht bei Vertr\u00e4gen zur Lieferung von Waren, die nicht vorgefertigt sind und f\u00fcr deren Herstellung eine individuelle Auswahl oder Bestimmung durch den Verbraucher ma\u00dfgeblich ist oder die eindeutig auf die pers\u00f6nlichen Bed\u00fcrfnisse des Verbrauchers zugeschnitten sind (zum Beispiel bei Bildprodukten).<\/p>\n<p>Sie verlieren Ihr Widerrufsrecht bei Vertr\u00e4gen zur Lieferung von Ton- oder Videoaufnahmen oder Computersoftware in einer versiegelten Packung, wenn die Versiegelung nach der Lieferung entfernt wurde (\u00a7 312g Abs. 2 Nr. 6 BGB).<\/p>\n<div id=\"cancellationform\" class=\"borderbox\">\n<p>Muster-Widerrufsformular:<\/p>\n<p>(wenn Sie den Vertrag widerrufen m\u00f6chten, dann f\u00fcllen Sie bitte dieses Fomular aus und senden Sie es zur\u00fcck)<\/p>\n<p>An:<\/p>\n<p>Foto Plichta<br \/>\nHerr Thomas Plichta<br \/>\nAlter Steinweg 3<br \/>\nD-08056 Zwickau<br \/>\nTel.: +49(0)375 28 99 626, Fax: +49(0)375 215181<br \/>\nEmail: info@fotostudio-plichta.de<\/p>\n<p>Hiermit widerrufe(n) ich\/wir (*) den von mir\/uns (*) abgeschlossenen Vertrag \u00fcber den Kauf der folgenden Waren (*) \/ die Erbringung der folgenden Dienstleistung (*)<\/p>\n<p>\u2022<br \/>\n\u2022<br \/>\n\u2022<br \/>\n\u2022<br \/>\n\u2022<br \/>\n\u2022bestellt am (*)\/erhalten am (*):<\/p>\n<p>Name des\/der Verbraucher(s):<\/p>\n<p>Anschrift des\/der Verbraucher(s):<br \/>\nUnterschrift des\/der Verbraucher(s) (nur bei Mitteilung auf Papier):<\/p>\n<p>Datum<\/p>\n<p>(*) = Unzutreffendes bitte streichen<\/p><\/div>\n<p>Ihr Team von\u00a0Foto Plichta<\/p>\n<div><\/div>\n<\/div>\n<div><\/div>\n<div>\n<div class=\"underlined\">3. Lieferung<\/div>\n<p>Die Lieferung der Ware erfolgt durch Versendung zu den Versandkosten in unserem Angebot und nur an Adressen in Deutschland. Die Lieferzeit betr\u00e4gt 1-3 Werktage.<\/p>\n<div class=\"underlined\">4. Bezahlung<\/div>\n<p>Der Kunde bezahlt bar bei Lieferung per Nachnahme. Im Falle der Lieferung per Nachnahme kommen zum Kaufpreis noch Nachnahmegeb\u00fchren hinzu, die der Kunde in vollem Umfang zu tragen hat. Diese Kosten sind aus Gr\u00fcnden, die im Verantwortungsbereich der Deutschen Post liegen, in zwei Teilzahlungen aufgeteilt. Daher weisen wir einen Teilbetrag bereits auf unserer Rechnung aus, der andere Teilbetrag ist bei Erhalt der Sendung direkt an die Post zu bezahlen. Sollten wir Ihnen weitere Zahlungsarten anbieten k\u00f6nnen, finden Sie einen Hinweis darauf in der Rubrik &#8222;Infos zu uns&#8220; bzw. im Warenkorb bei der Auswahl der Zahlungsarten.<\/p>\n<div class=\"underlined\">5. Verzug<\/div>\n<p>Im Falle des Verzugs berechnen wir die gesetzlichen Verzugszinsen und Mahnkosten in H\u00f6he von Euro 3,00 pro Mahnung.<\/p>\n<div class=\"underlined\">6. Eigentumsvorbehalt<\/div>\n<p>Wir behalten uns das Eigentum an aller Ware, die von uns an einen Kunden ausgeliefert wird, bis zur endg\u00fcltigen und vollst\u00e4ndigen Zahlung dieser gelieferten Ware vor.<\/p>\n<div class=\"underlined\">7. Gew\u00e4hrleistung<\/div>\n<p>F\u00fcr M\u00e4ngel der Waren haften wir nach den gesetzlichen Vorschriften (\u00a7\u00a7 434 ff. BGB) Unsere Schadensersatzhaftung ist gem\u00e4\u00df Ziffer I.9 dieser AGB\u00b4s beschr\u00e4nkt. Wir werden den Kunden bei der Durchsetzung von Anspr\u00fcchen aus Garantien des Herstellers (laut der zu jedem Ger\u00e4t geh\u00f6renden Garantiekarte) unterst\u00fctzen.<\/p>\n<div class=\"underlined\">8. Verj\u00e4hrung bei gebrauchten Sachen<\/div>\n<p>Anspr\u00fcche aus M\u00e4ngeln bei gebrauchten Sachen verj\u00e4hren in einem Jahr ab \u00dcbergabe an den Kunden. Eventuelle Haftungsanspr\u00fcche f\u00fcr Sch\u00e4den (Ziffer I.9) verj\u00e4hren in der gesetzlichen Frist.<\/p>\n<div class=\"bold\"><strong>III.<\/strong><strong> Hinweise zur Batterieentsorgung:<\/strong><\/div>\n<p>Im Zusammenhang mit dem Vertrieb von Batterien oder mit der Lieferung von Ger\u00e4ten, die Batterien enthalten, sind wir als Verk\u00e4ufer verpflichtet, Sie auf Folgendes hinzuweisen:<br \/>\nSie sind zur R\u00fcckgabe gebrauchter Batterien als Endnutzer gesetzlich verpflichtet. Sie k\u00f6nnen Batterien nach Gebrauch an den Verk\u00e4ufer oder in den daf\u00fcr vorgesehenen R\u00fccknahmestel\u00adlen (z. B. kommunale Sammelstellen oder im Handel) unentgeltlich zur\u00fcckgeben.<br \/>\nDas Symbol der durchkreuzten M\u00fclltonne auf der Batterie bedeutet, dass die Batterie nicht in den Hausm\u00fcll gegeben werden darf.<br \/>\nDie Zeichen Hg, Cd oder Pb unterhalb der durchkreuzten M\u00fclltonne bedeuten:<br \/>\nHg = Batterie enth\u00e4lt mehr als 0,0005 Masseprozent Quecksilber<br \/>\nCd = Batterie enth\u00e4lt mehr als 0,002 Masseprozent Cadmium<br \/>\nPb = Batterie enth\u00e4lt mehr als 0,004 Masseprozent Blei.\u201c<\/p><\/div>\n<p><strong>IV. Allgemeine Informationspflichten zur alternativen Streitbeilegung nach Art. 14 Abs. 1 ODR-VO und \u00a7 36 VSBG (Verbraucherstreitbeilegungsgesetz):<\/strong><\/p>\n<p>Die europ\u00e4ische Kommission stellt eine Plattform zur Online-Streitbelegung (OS) zur Verf\u00fcgung, die Sie unter dieser Adresse finden: <a class=\"a\" href=\"https:\/\/ec.europa.eu\/consumers\/odr\/\" target=\"_blank\" rel=\"noopener\">https:\/\/ec.europa.eu\/consumers\/odr\/<\/a>.<br \/>\nZur Teilnahme an einem Streitbeilegungsverfahren vor einer Verbraucherschlichtungsstelle sind wir nicht verpflichtet und auch nicht bereit.<br \/>\n<strong>IV. Besondere Bedingungen f\u00fcr die Bestellung von Bildern \/ Bildprodukten aus Fotografenleistung = <\/strong>Bildbestellungen aus &#8222;Event-Alben&#8220;<\/p>\n<p>1. Vertragsgegenstand<br \/>\nWir bieten die M\u00f6glichkeit, auf unserer Webseite in sogenannten &#8222;Event-Alben&#8220; online Abz\u00fcge von Bildern aus Veranstaltungen und Fotoshootings\u00a0 zu bestellen (z.B. Stadtfest, Geburtstag, Abi-Ball etc.)<\/p>\n<div>\nWenn wir f\u00fcr Sie in Ihrem Auftrag auf Veranstaltungen fotografieren oder Fotoshootings veranstalten, k\u00f6nnen wir unsere Bilder auf Ihren Wunsch f\u00fcr Sie in unserem Bereich &#8222;Event-Alben&#8220; online stellen. Hiermit erm\u00f6glichen wir Ihnen die Nachbestellung dieser Bilder in verschiedenen Formaten und Qualit\u00e4ten. Der Zugang zu einem solchen Album ist nur per Passwort m\u00f6glich, das Sie von uns erhalten. Diese Zugangsdaten k\u00f6nnen Sie z.\u00a0B. auch an Freunde und Verwandte zur Nachbestellung weitergeben. \u00d6ffentliche Veranstatungen k\u00f6nnen auch ohne Passwort eingesehen werden.<\/div>\n<div>\n\u00dcber die Vertragsannahme informieren wir jeweils per Mailbenachrichtigung. Anschlie\u00dfend fertigen wir die nachbestellten Bildprodukte und versenden diese an den Kunden oder stellen diese je nach Wunsch zur Abholung in unserem Ladengesch\u00e4ft zur Verf\u00fcgung.<\/div>\n<div>\nNeben den Bedingungen des Allgemeinen Teils gelten hierf\u00fcr diese besonderen Bedingungen:<\/div>\n<div>\n2. Kein Widerrufsrecht<\/div>\n<div>Gem\u00e4\u00df \u00a7\u00a0312g Abs. 2 Nr.\u00a01\u00a0BGB besteht kein Recht zum Widerruf des Auftrages, da die bestellten Bildabz\u00fcge nach den Vorgaben des Auftraggebers angefertigt werden und auf seine pers\u00f6nlichen Bed\u00fcrfnisse zugeschnitten sind.<\/div>\n<div><\/div>\n<div>3. Datensicherung<\/div>\n<div>Wir haben die digitalen Bilddateien separat vom Online-Album gespeichert. Trotz hoher Sicherheitsstandards k\u00f6nnen wir keinerlei Gew\u00e4hr f\u00fcr die Sicherheit oder dauerhafte Verf\u00fcgbarkeit der ins Album gestellten Bilddateien geben. Die Speicherung der Bilddateien im Online-Album ist ein Service, bei dem wir uns vorbehalten, diesen jederzeit einzustellen oder in Art und Umfang zu \u00e4ndern.<\/div>\n<div><\/div>\n<div>4. Urheberrecht<\/div>\n<div>Das Urheberrecht und die damit verbundenen Nutzungs- und Verwertungsrechte der in den Online-Alben ausgestellten Bilder bzw. Bilddaten verbleiben bei uns. Wer Bildprodukte nachbestellt, darf diese ausschlie\u00dflich privat nutzen, soweit wir nicht ausdr\u00fccklich weitere Lizenzen erteilen.<\/div>\n<div><\/div>\n<div>5. K\u00fcndigung des Services<\/div>\n<div>Sie k\u00f6nnen die K\u00fcndigung des f\u00fcr Sie eingerichteten Online-Services jederzeit veranlassen, indem Sie uns Ihren Wunsch schriftlich oder fernm\u00fcndlich mitteilen. Alle Bilddaten und hinterlegten Informationen im Album-Bereich werden dabei gel\u00f6scht (nicht hingegen die Originale auf unseren nicht-\u00f6ffentlichen Computer-Systemen). Wir behalten uns vor, das f\u00fcr Sie eingerichtete Online-Album jederzeit zu l\u00f6schen.<\/div>\n<p>&nbsp;<\/p>\n<p>&nbsp;<\/p>\n<p>&nbsp;<\/p>\n","protected":false},"excerpt":{"rendered":"<p>ALLGEMEINE GESCH\u00c4FTSBEDINGUNGEN im E-commerce zwischen H\u00e4ndler und Kunde Stand: Februar 2016 I. Allgemeiner Teil 1. Geltungsbereich Diese Allgemeinen Gesch\u00e4ftsbedingungen gelten ausschlie\u00dflich f\u00fcr alle E-Commerce-Gesch\u00e4fte mit unseren Kunden aus unserem WebShop. 2. Teilnehmer Wir als Anbieter schlie\u00dfen E-Commerce-Vertr\u00e4ge nur mit nat\u00fcrlichen Personen mit Wohnsitz in der Bundesrepublik Deutschland, die unbeschr\u00e4nkt gesch\u00e4ftsf\u00e4hig sind und das 18. Lebensjahr [&hellip;]<\/p>\n","protected":false},"author":1,"featured_media":0,"parent":0,"menu_order":0,"comment_status":"closed","ping_status":"open","template":"","meta":{"footnotes":""},"class_list":["post-4826","page","type-page","status-publish","hentry"],"_links":{"self":[{"href":"https:\/\/www.foto-plichta.de\/start.php\/wp-json\/wp\/v2\/pages\/4826","targetHints":{"allow":["GET"]}}],"collection":[{"href":"https:\/\/www.foto-plichta.de\/start.php\/wp-json\/wp\/v2\/pages"}],"about":[{"href":"https:\/\/www.foto-plichta.de\/start.php\/wp-json\/wp\/v2\/types\/page"}],"author":[{"embeddable":true,"href":"https:\/\/www.foto-plichta.de\/start.php\/wp-json\/wp\/v2\/users\/1"}],"replies":[{"embeddable":true,"href":"https:\/\/www.foto-plichta.de\/start.php\/wp-json\/wp\/v2\/comments?post=4826"}],"version-history":[{"count":5,"href":"https:\/\/www.foto-plichta.de\/start.php\/wp-json\/wp\/v2\/pages\/4826\/revisions"}],"predecessor-version":[{"id":6032,"href":"https:\/\/www.foto-plichta.de\/start.php\/wp-json\/wp\/v2\/pages\/4826\/revisions\/6032"}],"wp:attachment":[{"href":"https:\/\/www.foto-plichta.de\/start.php\/wp-json\/wp\/v2\/media?parent=4826"}],"curies":[{"name":"wp","href":"https:\/\/api.w.org\/{rel}","templated":true}]}}