{"id":34,"date":"2014-04-17T15:21:46","date_gmt":"2014-04-17T13:21:46","guid":{"rendered":"http:\/\/www.foto-plichta.eu\/start.php\/?page_id=34"},"modified":"2016-11-08T18:11:58","modified_gmt":"2016-11-08T16:11:58","slug":"preise","status":"publish","type":"page","link":"https:\/\/www.foto-plichta.de\/start.php\/preise\/","title":{"rendered":"Preise"},"content":{"rendered":"<p><strong>Bei uns bestimmen Sie als Kunde den Preis.<\/strong> Dieser setzt sich aus der:<\/p>\n<p><em>Fotoshooting<\/em> (Sie entscheiden wie viel und mit welchem Aufwand wir Aufnahmen von<\/p>\n<p>Ihnen machen)<\/p>\n<p>und dem<\/p>\n<p><em>Bilderpreis<\/em> (unterschiedliche Gr\u00f6\u00dfen sowie Qualit\u00e4tsstufen passen sich Ihren<\/p>\n<p>W\u00fcnschen an)<\/p>\n<p>zusammen.<\/p>\n<p><div class=\"fusion-fullwidth fullwidth-box fusion-builder-row-1 hundred-percent-fullwidth non-hundred-percent-height-scrolling\" style=\"--awb-border-radius-top-left:0px;--awb-border-radius-top-right:0px;--awb-border-radius-bottom-right:0px;--awb-border-radius-bottom-left:0px;--awb-overflow:visible;--awb-margin-top:24px;--awb-margin-bottom:24px;--awb-background-color:rgba(255,255,255,0);\" ><div class=\"fusion-builder-row fusion-row\"><div class=\"fusion-layout-column fusion_builder_column fusion-builder-column-0 fusion_builder_column_1_1 1_1 fusion-one-full fusion-column-first fusion-column-last fusion-column-no-min-height\" style=\"--awb-bg-size:cover;--awb-margin-top:0px;--awb-margin-bottom:0px;\"><div class=\"fusion-column-wrapper fusion-flex-column-wrapper-legacy\"><div class=\"fusion-sep-clear\"><\/div><div class=\"fusion-separator fusion-full-width-sep\" style=\"margin-left: auto;margin-right: auto;width:100%;\"><div class=\"fusion-separator-border sep-shadow\" style=\"background:radial-gradient(ellipse at 50% -50% , #e0dede 0px, rgba(255, 255, 255, 0) 80%) repeat scroll 0 0 rgba(0, 0, 0, 0);background:-webkit-radial-gradient(ellipse at 50% -50% , #e0dede 0px, rgba(255, 255, 255, 0) 80%) repeat scroll 0 0 rgba(0, 0, 0, 0);background:-moz-radial-gradient(ellipse at 50% -50% , #e0dede 0px, rgba(255, 255, 255, 0) 80%) repeat scroll 0 0 rgba(0, 0, 0, 0);background:-o-radial-gradient(ellipse at 50% -50% , #e0dede 0px, rgba(255, 255, 255, 0) 80%) repeat scroll 0 0 rgba(0, 0, 0, 0);\"><\/div><\/div><div class=\"fusion-sep-clear\"><\/div>\n<p>Auszug aus unserer Preisliste unsere Sparangebote:<\/p>\n<p><strong>1 Portraitaufnahme incl. 1 Vergr\u00f6\u00dferung<\/strong><br \/>\n-ohne Auswahl-<br \/>\nab 19,90 \u20ac<\/p>\n<p><strong>1 Portraitaufnahme incl. 1 Vergr\u00f6\u00dferung<\/strong><br \/>\n-mit Auswahl-<br \/>\nab 29,90 \u20ac<\/p>\n<p><strong>Hochzeitsportraitaufnahmen incl. 3 Vergr\u00f6\u00dferung<\/strong><br \/>\n-mit Auswahl-<br \/>\nab 49,90 \u20ac<\/p>\n<div class=\"fusion-clearfix\"><\/div><\/div><\/div><\/div><\/div><div class=\"fusion-fullwidth fullwidth-box fusion-builder-row-2 hundred-percent-fullwidth non-hundred-percent-height-scrolling\" style=\"--awb-border-radius-top-left:0px;--awb-border-radius-top-right:0px;--awb-border-radius-bottom-right:0px;--awb-border-radius-bottom-left:0px;--awb-overflow:visible;--awb-margin-top:24px;--awb-margin-bottom:24px;--awb-background-color:rgba(255,255,255,0);\" ><div class=\"fusion-builder-row fusion-row\"><div class=\"fusion-layout-column fusion_builder_column fusion-builder-column-1 fusion_builder_column_1_1 1_1 fusion-one-full fusion-column-first fusion-column-last fusion-column-no-min-height\" style=\"--awb-bg-size:cover;--awb-margin-top:0px;--awb-margin-bottom:0px;\"><div class=\"fusion-column-wrapper fusion-flex-column-wrapper-legacy\"><div class=\"fusion-sep-clear\"><\/div><div class=\"fusion-separator fusion-full-width-sep\" style=\"margin-left: auto;margin-right: auto;width:100%;\"><div class=\"fusion-separator-border sep-shadow\" style=\"background:radial-gradient(ellipse at 50% -50% , #e0dede 0px, rgba(255, 255, 255, 0) 80%) repeat scroll 0 0 rgba(0, 0, 0, 0);background:-webkit-radial-gradient(ellipse at 50% -50% , #e0dede 0px, rgba(255, 255, 255, 0) 80%) repeat scroll 0 0 rgba(0, 0, 0, 0);background:-moz-radial-gradient(ellipse at 50% -50% , #e0dede 0px, rgba(255, 255, 255, 0) 80%) repeat scroll 0 0 rgba(0, 0, 0, 0);background:-o-radial-gradient(ellipse at 50% -50% , #e0dede 0px, rgba(255, 255, 255, 0) 80%) repeat scroll 0 0 rgba(0, 0, 0, 0);\"><\/div><\/div><div class=\"fusion-sep-clear\"><\/div>\n<p><strong>Bilderpreis:<\/strong><\/p>\n<p>Die von Ihnen ausgesuchten Aufnahmen &#8211; z.B. in 13&#215;18 &#8211; berechnen wir mit 12,90 \u20ac. Dabei erh\u00e4lt jedes Bild eine spezielle professionelle Bildbearbeitung. Individuelle Kundenw\u00fcnsche werden hierbei gern ber\u00fccksichtigt. Die auf ausgesuchten Portraitpapier ausbelichteten Fotos, erhalten Sie in einem hochwertigen Leporello.<\/p>\n<p><strong>Eine Vergr\u00f6\u00dferung 13&#215;18 mit einfacher Retusche<\/strong><br \/>\nkostet 9,90 \u20ac<\/p>\n<p><strong>Aufnahmepreise (ohne Vergr\u00f6\u00dferungen):<\/strong><\/p>\n<p>Es werden verschiedenste Aufnahmen, auch nach eigenen W\u00fcnschen angefertigt. Art und Umfang der Aufnahmen bestimmen Sie selbst mit der H\u00f6he des Aufnahmepreises. Wir sichern fachgerechte Arbeit in meisterlicher Ausf\u00fchrung zu. Details k\u00f6nnen vorher abgesprochen werden.<\/p>\n<div class=\"fusion-clearfix\"><\/div><\/div><\/div><\/div><\/div><div class=\"fusion-fullwidth fullwidth-box fusion-builder-row-3 hundred-percent-fullwidth non-hundred-percent-height-scrolling\" style=\"--awb-border-radius-top-left:0px;--awb-border-radius-top-right:0px;--awb-border-radius-bottom-right:0px;--awb-border-radius-bottom-left:0px;--awb-overflow:visible;--awb-margin-top:24px;--awb-margin-bottom:24px;--awb-background-color:rgba(255,255,255,0);\" ><div class=\"fusion-builder-row fusion-row\"><div class=\"fusion-layout-column fusion_builder_column fusion-builder-column-2 fusion_builder_column_1_1 1_1 fusion-one-full fusion-column-first fusion-column-last fusion-column-no-min-height\" style=\"--awb-bg-size:cover;--awb-margin-top:0px;--awb-margin-bottom:0px;\"><div class=\"fusion-column-wrapper fusion-flex-column-wrapper-legacy\"><div class=\"fusion-sep-clear\"><\/div><div class=\"fusion-separator fusion-full-width-sep\" style=\"margin-left: auto;margin-right: auto;width:100%;\"><div class=\"fusion-separator-border sep-shadow\" style=\"background:radial-gradient(ellipse at 50% -50% , #e0dede 0px, rgba(255, 255, 255, 0) 80%) repeat scroll 0 0 rgba(0, 0, 0, 0);background:-webkit-radial-gradient(ellipse at 50% -50% , #e0dede 0px, rgba(255, 255, 255, 0) 80%) repeat scroll 0 0 rgba(0, 0, 0, 0);background:-moz-radial-gradient(ellipse at 50% -50% , #e0dede 0px, rgba(255, 255, 255, 0) 80%) repeat scroll 0 0 rgba(0, 0, 0, 0);background:-o-radial-gradient(ellipse at 50% -50% , #e0dede 0px, rgba(255, 255, 255, 0) 80%) repeat scroll 0 0 rgba(0, 0, 0, 0);\"><\/div><\/div><div class=\"fusion-sep-clear\"><\/div>\n<p><strong>Portrait- Aufnahmen<\/strong><\/p>\n<p><strong>Aufnahmepreis 30 \u20ac<\/strong><br \/>\nEmpfehlung f\u00fcr ca. 2 &#8211; 3 verschiedene Aufnahmen (ca. 15-20 Minuten)<\/p>\n<p><strong>Aufnahmepreis 45 \u20ac<\/strong><br \/>\nEmpfehlung f\u00fcr ca. 5 &#8211; 6 verschiedene Aufnahmen (ca. 30 Minuten)<\/p>\n<p><strong>Aufnahmepreis 65 \u20ac<\/strong><br \/>\nEmpfehlung f\u00fcr ca. 8 &#8211; 12 verschiedene Aufnahmen (ca. 45 Minuten)<\/p>\n<p><strong>Aufnahmepreis 95 \u20ac<\/strong><br \/>\nEmpfehlung f\u00fcr ca. 15 &#8211; 20 verschiedene Aufnahmen (ca. 60 Minuten)<\/p>\n<p><strong>Aufnahmepreis 120 \u20ac<\/strong><br \/>\nEmpfehlung f\u00fcr mehr als 20 verschiedene Aufnahmen (ca. 90 Minuten)<\/p>\n<div class=\"fusion-clearfix\"><\/div><\/div><\/div><\/div><\/div><div class=\"fusion-fullwidth fullwidth-box fusion-builder-row-4 hundred-percent-fullwidth non-hundred-percent-height-scrolling\" style=\"--awb-border-radius-top-left:0px;--awb-border-radius-top-right:0px;--awb-border-radius-bottom-right:0px;--awb-border-radius-bottom-left:0px;--awb-overflow:visible;--awb-margin-top:24px;--awb-margin-bottom:24px;--awb-background-color:rgba(255,255,255,0);\" ><div class=\"fusion-builder-row fusion-row\"><div class=\"fusion-layout-column fusion_builder_column fusion-builder-column-3 fusion_builder_column_1_1 1_1 fusion-one-full fusion-column-first fusion-column-last fusion-column-no-min-height\" style=\"--awb-bg-size:cover;--awb-margin-top:0px;--awb-margin-bottom:0px;\"><div class=\"fusion-column-wrapper fusion-flex-column-wrapper-legacy\"><div class=\"fusion-sep-clear\"><\/div><div class=\"fusion-separator fusion-full-width-sep\" style=\"margin-left: auto;margin-right: auto;width:100%;\"><div class=\"fusion-separator-border sep-shadow\" style=\"background:radial-gradient(ellipse at 50% -50% , #e0dede 0px, rgba(255, 255, 255, 0) 80%) repeat scroll 0 0 rgba(0, 0, 0, 0);background:-webkit-radial-gradient(ellipse at 50% -50% , #e0dede 0px, rgba(255, 255, 255, 0) 80%) repeat scroll 0 0 rgba(0, 0, 0, 0);background:-moz-radial-gradient(ellipse at 50% -50% , #e0dede 0px, rgba(255, 255, 255, 0) 80%) repeat scroll 0 0 rgba(0, 0, 0, 0);background:-o-radial-gradient(ellipse at 50% -50% , #e0dede 0px, rgba(255, 255, 255, 0) 80%) repeat scroll 0 0 rgba(0, 0, 0, 0);\"><\/div><\/div><div class=\"fusion-sep-clear\"><\/div>\n<p><strong>Hochzeits- Portraitaufnahmen<\/strong><br \/>\nim Studio oder im Freien<\/p>\n<p><strong>Aufnahmepreis 49 \u20ac (nur Studio)<\/strong><br \/>\nEmpfehlung f\u00fcr ca. 3 &#8211; 5 verschiedene Aufnahmen (20-30 Minuten)<\/p>\n<p><strong>Aufnahmepreis 65 \u20ac<\/strong><br \/>\nEmpfehlung f\u00fcr ca. 7 &#8211; 8 verschiedene Aufnahmen (ca. 45 Minuten)<\/p>\n<p><strong>Aufnahmepreis 95 \u20ac<\/strong><br \/>\nEmpfehlung f\u00fcr ca. 10-12 verschiedene Aufnahmen (ca. 60 Minuten)<\/p>\n<p><strong>Aufnahmepreis 120 \u20ac<\/strong><br \/>\nEmpfehlung f\u00fcr ca.15-20 verschiedene Aufnahmen (ca. 90 Minuten)<\/p>\n<p><strong>Aufnahmepreis 150 \u20ac<\/strong><br \/>\nEmpfehlung f\u00fcr mehr als 20 verschiedene Aufnahmen (ca. 120 Minuten)<\/p>\n<p><em>Selbstverst\u00e4ndlich k\u00f6nnen Sie auch Studio und Outdoor Aufnahmen kombinieren. <\/em><\/p>\n<p>Fragen Sie uns einfach. Die Zeitangaben sind grobe Richtwerte, um Ihnen den Unterschied zu verdeutlichen.<\/p>\n<div class=\"fusion-clearfix\"><\/div><\/div><\/div><\/div><\/div><div class=\"fusion-fullwidth fullwidth-box fusion-builder-row-5 hundred-percent-fullwidth non-hundred-percent-height-scrolling\" style=\"--awb-border-radius-top-left:0px;--awb-border-radius-top-right:0px;--awb-border-radius-bottom-right:0px;--awb-border-radius-bottom-left:0px;--awb-overflow:visible;--awb-margin-top:24px;--awb-margin-bottom:24px;--awb-background-color:rgba(255,255,255,0);\" ><div class=\"fusion-builder-row fusion-row\"><div class=\"fusion-layout-column fusion_builder_column fusion-builder-column-4 fusion_builder_column_1_1 1_1 fusion-one-full fusion-column-first fusion-column-last fusion-column-no-min-height\" style=\"--awb-bg-size:cover;--awb-margin-top:0px;--awb-margin-bottom:0px;\"><div class=\"fusion-column-wrapper fusion-flex-column-wrapper-legacy\"><div class=\"fusion-sep-clear\"><\/div><div class=\"fusion-separator fusion-full-width-sep\" style=\"margin-left: auto;margin-right: auto;width:100%;\"><div class=\"fusion-separator-border sep-shadow\" style=\"background:radial-gradient(ellipse at 50% -50% , #e0dede 0px, rgba(255, 255, 255, 0) 80%) repeat scroll 0 0 rgba(0, 0, 0, 0);background:-webkit-radial-gradient(ellipse at 50% -50% , #e0dede 0px, rgba(255, 255, 255, 0) 80%) repeat scroll 0 0 rgba(0, 0, 0, 0);background:-moz-radial-gradient(ellipse at 50% -50% , #e0dede 0px, rgba(255, 255, 255, 0) 80%) repeat scroll 0 0 rgba(0, 0, 0, 0);background:-o-radial-gradient(ellipse at 50% -50% , #e0dede 0px, rgba(255, 255, 255, 0) 80%) repeat scroll 0 0 rgba(0, 0, 0, 0);\"><\/div><\/div><div class=\"fusion-sep-clear\"><\/div>\n<p><strong>zus\u00e4tzlich k\u00f6nnen Sie &#8230;<\/strong><br \/>\n(Preise nach Aufwand)<\/p>\n<p>*<br \/>\neine Fotoreportage w\u00e4hrend der Trauung<br \/>\nim Standesamt oder in der Kirche<br \/>\n*<br \/>\nGruppenaufnahmen<br \/>\n*<br \/>\nGru\u00df- oder Dankeskarten<br \/>\n*<br \/>\nHochzeitsalben<br \/>\n*<br \/>\nFotob\u00fccher<br \/>\n*<br \/>\nCollagen<br \/>\n*<br \/>\nuvm<\/p>\n<p>&#8230;erhalten<\/p>\n<div class=\"fusion-clearfix\"><\/div><\/div><\/div><\/div><\/div><div class=\"fusion-fullwidth fullwidth-box fusion-builder-row-6 hundred-percent-fullwidth non-hundred-percent-height-scrolling\" style=\"--awb-border-radius-top-left:0px;--awb-border-radius-top-right:0px;--awb-border-radius-bottom-right:0px;--awb-border-radius-bottom-left:0px;--awb-overflow:visible;--awb-margin-top:24px;--awb-margin-bottom:24px;--awb-background-color:rgba(255,255,255,0);\" ><div class=\"fusion-builder-row fusion-row\"><div class=\"fusion-layout-column fusion_builder_column fusion-builder-column-5 fusion_builder_column_1_1 1_1 fusion-one-full fusion-column-first fusion-column-last fusion-column-no-min-height\" style=\"--awb-bg-size:cover;--awb-margin-top:0px;--awb-margin-bottom:0px;\"><div class=\"fusion-column-wrapper fusion-flex-column-wrapper-legacy\"><div class=\"fusion-sep-clear\"><\/div><div class=\"fusion-separator fusion-full-width-sep\" style=\"margin-left: auto;margin-right: auto;width:100%;\"><div class=\"fusion-separator-border sep-shadow\" style=\"background:radial-gradient(ellipse at 50% -50% , #e0dede 0px, rgba(255, 255, 255, 0) 80%) repeat scroll 0 0 rgba(0, 0, 0, 0);background:-webkit-radial-gradient(ellipse at 50% -50% , #e0dede 0px, rgba(255, 255, 255, 0) 80%) repeat scroll 0 0 rgba(0, 0, 0, 0);background:-moz-radial-gradient(ellipse at 50% -50% , #e0dede 0px, rgba(255, 255, 255, 0) 80%) repeat scroll 0 0 rgba(0, 0, 0, 0);background:-o-radial-gradient(ellipse at 50% -50% , #e0dede 0px, rgba(255, 255, 255, 0) 80%) repeat scroll 0 0 rgba(0, 0, 0, 0);\"><\/div><\/div><div class=\"fusion-sep-clear\"><\/div>\n<p><strong>Hochzeitspakete<\/strong><\/p>\n<p><strong>Hochzeitspaket I<\/strong><br \/>\nKleine Serie (ca. 45 min), incl. 6 Vergr. 13&#215;18, incl. Dankeskarten (f\u00fcr jeden Verwandschaftsteil max. 40 Stk)<br \/>\noder 1 Vergr. 30&#215;40<br \/>\n149,00 \u20ac<\/p>\n<p><strong>Hochzeitspaket &#8222;II&#8220;<\/strong><br \/>\nmittlere Serie (ca. 60 min.) incl. 10 Vergr. 13&#215;18, Gruppenaufnahme (incl. Fotos f\u00fcr<\/p>\n<p>jedes P\u00e4rchen), Collage 30&#215;40<br \/>\n239,00 \u20ac<\/p>\n<p><strong>Hochzeitspaket &#8222;maxi&#8220;<\/strong><br \/>\nmittlere Serie im Studio, kleine Serie im Freien, Fotoreportage w\u00e4hrend der Trauung,<\/p>\n<p>Gruppenaufnahme (incl. Fotos f\u00fcr jedes P\u00e4rchen), Dankeskarten (f\u00fcr jeden<\/p>\n<p>Verwandschaftsteil max. 40 Stk)<br \/>\nincl. 20 Vergr. 13&#215;18<br \/>\n399,00 \u20ac<\/p>\n<p><strong>Hochzeitspaket &#8222;feeling&#8220;<\/strong><br \/>\nkleine Serie im Studio, mittlere Serie im Freien, Gruppenaufnahme (incl. Fotos f\u00fcr<\/p>\n<p>jedes P\u00e4rchen), Fotoreportage w\u00e4hrend der Trauung, Collage 40&#215;50,<br \/>\nincl. gestaltetem Studio-Album, A4 metallic mit 10 Seiten<br \/>\n599,00 \u20ac<\/p>\n<p><strong>Hochzeitspaket &#8222;wedding I&#8220;<\/strong><br \/>\nAufnahmen im Freien, auf Wunsch auch im Studio, Gruppenaufnahmen (incl. Fotos f\u00fcr jedes<\/p>\n<p>P\u00e4rchen), Fotoreportage w\u00e4hrend der Trauung, Collage 40&#215;50, incl. Dankeskarten f\u00fcr alle G\u00e4ste, incl. 1 professionell gestaltetem Studio-Album, metallic mit ca 10 Seiten f\u00fcr das Brautpaar, sowie 2 kleine Elternalben<\/p>\n<p><em>alle verwendeten Aufnahmen erhalten Sie zus\u00e4tzlich als DIA-Shau auf Video-CD in <\/em><\/p>\n<p>3facher Ausfertigung -f\u00fcr Ihre Eltern- 950,00 \u20ac<\/p>\n<div class=\"fusion-clearfix\"><\/div><\/div><\/div><\/div><\/div><div class=\"fusion-fullwidth fullwidth-box fusion-builder-row-7 hundred-percent-fullwidth non-hundred-percent-height-scrolling\" style=\"--awb-border-radius-top-left:0px;--awb-border-radius-top-right:0px;--awb-border-radius-bottom-right:0px;--awb-border-radius-bottom-left:0px;--awb-overflow:visible;--awb-margin-top:24px;--awb-margin-bottom:24px;--awb-background-color:rgba(255,255,255,0);\" ><div class=\"fusion-builder-row fusion-row\"><div class=\"fusion-layout-column fusion_builder_column fusion-builder-column-6 fusion_builder_column_1_1 1_1 fusion-one-full fusion-column-first fusion-column-last fusion-column-no-min-height\" style=\"--awb-bg-size:cover;--awb-margin-top:0px;--awb-margin-bottom:0px;\"><div class=\"fusion-column-wrapper fusion-flex-column-wrapper-legacy\"><div class=\"fusion-sep-clear\"><\/div><div class=\"fusion-separator fusion-full-width-sep\" style=\"margin-left: auto;margin-right: auto;width:100%;\"><div class=\"fusion-separator-border sep-shadow\" style=\"background:radial-gradient(ellipse at 50% -50% , #e0dede 0px, rgba(255, 255, 255, 0) 80%) repeat scroll 0 0 rgba(0, 0, 0, 0);background:-webkit-radial-gradient(ellipse at 50% -50% , #e0dede 0px, rgba(255, 255, 255, 0) 80%) repeat scroll 0 0 rgba(0, 0, 0, 0);background:-moz-radial-gradient(ellipse at 50% -50% , #e0dede 0px, rgba(255, 255, 255, 0) 80%) repeat scroll 0 0 rgba(0, 0, 0, 0);background:-o-radial-gradient(ellipse at 50% -50% , #e0dede 0px, rgba(255, 255, 255, 0) 80%) repeat scroll 0 0 rgba(0, 0, 0, 0);\"><\/div><\/div><div class=\"fusion-sep-clear\"><\/div>\n<p><strong>Paket &#8222;do it yourself&#8220;<\/strong><br \/>\nprofessionelles shooting im Freien, Fotoreportage w\u00e4hrend der Trauung im Standesamt\/ Kirche, Gruppenaufahmen nach Wunsch,<\/p>\n<p><em>Sie erhalten die kompletten Bild-Daten zum selber bearbeiten<\/em><br \/>\n<em> incl. kostenloser Fotobuchgestaltungsoftware<\/em><\/p>\n<p><strong>500,00 \u20ac erotische Portraitaufnahmen<\/strong><\/p>\n<p><strong>Aufnahmepreis 45 \u20ac (nur Studio)<\/strong><br \/>\nEmpfehlung f\u00fcr ca. 3 &#8211; 5 verschiedene Aufnahmen (20-30 Minuten)<\/p>\n<p><strong>Aufnahmepreis 65 \u20ac<\/strong><br \/>\nEmpfehlung f\u00fcr ca. 7 &#8211; 8 verschiedene Aufnahmen (ca. 45 Minuten)<\/p>\n<p><strong>Aufnahmepreis 95 \u20ac<\/strong><br \/>\nEmpfehlung f\u00fcr ca. 10-12 verschiedene Aufnahmen (ca. 60 Minuten)<\/p>\n<p><strong>Aufnahmepreis 120 \u20ac<\/strong><br \/>\nEmpfehlung f\u00fcr ca.15-20 verschiedene Aufnahmen (ca. 90 Minuten)<\/p>\n<p><strong>Aufnahmepreis 150\u20ac<\/strong><br \/>\nEmpfehlung f\u00fcr mehr als 20 verschiedene Aufnahmen (ca. 120 Minuten)<\/p>\n<p><em>Preis\u00e4nderungen sind jederzeit m\u00f6glich<\/em><div class=\"fusion-clearfix\"><\/div><\/div><\/div><\/div><\/div><\/p>\n","protected":false},"excerpt":{"rendered":"<p>Bei uns bestimmen Sie als Kunde den Preis. Dieser setzt sich aus der: Fotoshooting (Sie entscheiden wie viel und mit welchem Aufwand wir Aufnahmen von Ihnen machen) und dem Bilderpreis (unterschiedliche Gr\u00f6\u00dfen sowie Qualit\u00e4tsstufen passen sich Ihren W\u00fcnschen an) zusammen.<\/p>\n","protected":false},"author":1,"featured_media":0,"parent":0,"menu_order":0,"comment_status":"closed","ping_status":"open","template":"full-width.php","meta":{"footnotes":""},"class_list":["post-34","page","type-page","status-publish","hentry"],"_links":{"self":[{"href":"https:\/\/www.foto-plichta.de\/start.php\/wp-json\/wp\/v2\/pages\/34","targetHints":{"allow":["GET"]}}],"collection":[{"href":"https:\/\/www.foto-plichta.de\/start.php\/wp-json\/wp\/v2\/pages"}],"about":[{"href":"https:\/\/www.foto-plichta.de\/start.php\/wp-json\/wp\/v2\/types\/page"}],"author":[{"embeddable":true,"href":"https:\/\/www.foto-plichta.de\/start.php\/wp-json\/wp\/v2\/users\/1"}],"replies":[{"embeddable":true,"href":"https:\/\/www.foto-plichta.de\/start.php\/wp-json\/wp\/v2\/comments?post=34"}],"version-history":[{"count":2,"href":"https:\/\/www.foto-plichta.de\/start.php\/wp-json\/wp\/v2\/pages\/34\/revisions"}],"predecessor-version":[{"id":5360,"href":"https:\/\/www.foto-plichta.de\/start.php\/wp-json\/wp\/v2\/pages\/34\/revisions\/5360"}],"wp:attachment":[{"href":"https:\/\/www.foto-plichta.de\/start.php\/wp-json\/wp\/v2\/media?parent=34"}],"curies":[{"name":"wp","href":"https:\/\/api.w.org\/{rel}","templated":true}]}}